 the thousands digit of 89941?
9
What is the ten thousands digit of 18395135?
9
What is the ten thousands digit of 463173?
6
What is the tens digit of 18465328?
2
What is the tens digit of 36364362?
6
What is the units digit of 3355235?
5
What is the millions digit of 3345127?
3
What is the units digit of 345186?
6
What is the tens digit of 551807?
0
What is the hundreds digit of 238519?
5
What is the thousands digit of 390206?
0
What is the hundred thousands digit of 25719974?
7
What is the thousands digit of 18227088?
7
What is the hundreds digit of 36346536?
5
What is the thousands digit of 2968757?
8
What is the hundreds digit of 398743?
7
What is the hundreds digit of 1801929?
9
What is the hundred thousands digit of 9139290?
1
What is the millions digit of 2913799?
2
What is the tens digit of 20916?
1
What is the units digit of 617907?
7
What is the ten thousands digit of 505995?
0
What is the hundred thousands digit of 214112?
2
What is the hundred thousands digit of 11470197?
4
What is the ten thousands digit of 25033?
2
What is the hundreds digit of 10758218?
2
What is the tens digit of 1415573?
7
What is the hundreds digit of 89980?
9
What is the thousands digit of 28683?
8
What is the units digit of 4295399?
9
What is the tens digit of 462384?
8
What is the thousands digit of 8532313?
2
What is the hundreds digit of 76158?
1
What is the thousands digit of 7374662?
4
What is the thousands digit of 12497006?
7
What is the units digit of 533651?
1
What is the thousands digit of 42201?
2
What is the hundred thousands digit of 11832879?
8
What is the units digit of 115981?
1
What is the ten thousands digit of 14137359?
3
What is the hundred thousands digit of 809235?
8
What is the ten millions digit of 24860527?
2
What is the tens digit of 2618163?
6
What is the hundreds digit of 2984345?
3
What is the hundreds digit of 104416?
4
What is the hundreds digit of 448588?
5
What is the ten thousands digit of 303808?
0
What is the millions digit of 1892477?
1
What is the hundreds digit of 2341810?
8
What is the millions digit of 1884007?
1
What is the tens digit of 11521798?
9
What is the ten thousands digit of 4657166?
5
What is the units digit of 3270590?
0
What is the ten thousands digit of 219341?
1
What is the hundreds digit of 628640?
6
What is the hundreds digit of 819687?
6
What is the tens digit of 86930?
3
What is the thousands digit of 3248995?
8
What is the units digit of 5324515?
5
What is the tens digit of 541923?
2
What is the hundred thousands digit of 9614740?
6
What is the hundred thousands digit of 26136921?
1
What is the thousands digit of 224910?
4
What is the hundred thousands digit of 131533?
1
What is the hundred thousands digit of 672042?
6
What is the ten thousands digit of 2357002?
5
What is the units digit of 156077?
7
What is the tens digit of 553397?
9
What is the ten thousands digit of 125632?
2
What is the ten thousands digit of 3561972?
6
What is the units digit of 800765?
5
What is the units digit of 1210238?
8
What is the hundreds digit of 17017?
0
What is the tens digit of 2334370?
7
What is the thousands digit of 1236160?
6
What is the tens digit of 493279?
7
What is the hundreds digit of 380468?
4
What is the ten thousands digit of 367191?
6
What is the hundred thousands digit of 531449?
5
What is the tens digit of 315862?
6
What is the thousands digit of 593386?
3
What is the ten thousands digit of 453854?
5
What is the tens digit of 184383?
8
What is the tens digit of 2012689?
8
What is the units digit of 3793094?
4
What is the thousands digit of 435561?
5
What is the hundred thousands digit of 373424?
3
What is the units digit of 13194419?
9
What is the hundred thousands digit of 1763267?
7
What is the thousands digit of 6339301?
9
What is the millions digit of 1808681?
1
What is the units digit of 6194103?
3
What is the thousands digit of 711648?
1
What is the hundred thousands digit of 123966?
1
What is the ten millions digit of 34352793?
3
What is the tens digit of 40491?
9
What is the thousands digit of 663573?
3
What is the hundreds digit of 1107454?
4
What is the hundred thousands digit of 14197825?
1
What is the thousands digit of 50470?
0
What is the units digit of 326093?
3
What is the hundred thousands digit of 326314?
3
What is the thousands digit of 369422?
9
What is the units digit of 3902722?
2
What is the hundreds digit of 180966?
9
What is the hundred thousands digit of 2355041?
3
What is the ten thousands digit of 1426670?
2
What is the tens digit of 423130?
3
What is the hundreds digit of 17859?
8
What is the hundreds digit of 196498?
4
What is the hundred thousands digit of 215154?
2
What is the hundred thousands digit of 5815572?
8
What is the millions digit of 14662506?
4
What is the ten millions digit of 36502719?
3
What is the units digit of 79377?
7
What is the ten thousands digit of 35182?
3
What is the units digit of 6832639?
9
What is the millions digit of 1868970?
1
What is the units digit of 98912?
2
What is the ten thousands digit of 248226?
4
What is the thousands digit of 22132600?
2
What is the tens digit of 2637641?
4
What is the hundreds digit of 2399419?
4
What is the units digit of 14246895?
5
What is the thousands digit of 390585?
0
What is the hundreds digit of 1367171?
1
What is the tens digit of 11201?
0
What is the ten millions digit of 10390003?
1
What is the millions digit of 1162427?
1
What is the hundred thousands digit of 272662?
2
What is the ten thousands digit of 1377766?
7
What is the units digit of 382265?
5
What is the millions digit of 11776939?
1
What is the units digit of 17289?
9
What is the hundred thousands digit of 685299?
6
What is the hundred thousands digit of 6751074?
7
What is the hundred thousands digit of 4222338?
2
What is the hundreds digit of 148991?
9
What is the hundreds digit of 4692000?
0
What is the tens digit of 1380434?
3
What is the hundred thousands digit of 496422?
4
What is the hundreds digit of 301279?
2
What is the ten millions digit of 26185169?
2
What is the thousands digit of 5132376?
2
What is the hundreds digit of 827920?
9
What is the tens digit of 497435?
3
What is the tens digit of 2696288?
8
What is the tens digit of 4240484?
8
What is the tens digit of 849541?
4
What is the ten thousands digit of 356096?
5
What is the tens digit of 41267296?
9
What is the hundreds digit of 16682412?
4
What is the units digit of 927389?
9
What is the hundred thousands digit of 889214?
8
What is the millions digit of 1597731?
1
What is the hundred thousands digit of 507709?
5
What is the hundred thousands digit of 495460?
4
What is the hundreds digit of 3030177?
1
What is the ten thousands digit of 5629317?
2
What is the millions digit of 5971352?
5
What is the ten thousands digit of 207699?
0
What is the hundred thousands digit of 1778221?
7
What is the ten thousands digit of 868129?
6
What is the tens digit of 767707?
0
What is the hundred thousands digit of 128038?
1
What is the ten millions digit of 11766364?
1
What is the thousands digit of 18679889?
9
What is the hundreds digit of 1198249?
2
What is the tens digit of 183715?
1
What is the hundred thousands digit of 5755019?
7
What is the thousands digit of 432715?
2
What is the hundreds digit of 1872921?
9
What is the hundred thousands digit of 1274559?
2
What is the hundreds digit of 1275177?
1
What is the thousands digit of 1579168?
9
What is the ten thousands digit of 292981?
9
What is the ten thousands digit of 2397757?
9
What is the hundred thousands digit of 5360396?
3
What is the units digit of 96291?
1
What is the thousands digit of 290639?
0
What is the ten thousands digit of 16279223?
7
What is the hundred thousands digit of 868031?
8
What is the thousands digit of 607182?
7
What is the hundreds digit of 1252519?
5
What is the millions digit of 1080981?
1
What is the millions digit of 4138869?
4
What is the ten thousands digit of 7299640?
9
What is the thousands digit of 210383?
0
What is the thousands digit of 1513495?
3
What is the hundred thousands digit of 702462?
7
What is the ten thousands digit of 154379?
5
What is the millions digit of 13341678?
3
What is the hundreds digit of 96328?
3
What is the hundred thousands digit of 1200276?
2
What is the units